 = r - x + 2. Suppose 4 = 3*k - r. Suppose 0 = k*a - 8 + 2. What are the prime factors of a?
3
Suppose 0 = -2*p + 3*p + 3*x + 19, -3*x + 13 = -p. Let k = 3 - p. What are the prime factors of k?
19
What are the prime factors of ((-1071)/45)/((-1)/5)?
7, 17
Suppose 10*u = 4*u + 300. What are the prime factors of u?
2, 5
Let p = -34 - -51. List the prime factors of p.
17
Let k be (1 + -1)/(6 - 4). Let q(b) = 1 + k*b - b - 1. What are the prime factors of q(-5)?
5
Let y(r) = -14*r**3 - 2*r**2 - 2. List the prime factors of y(-2).
2, 3, 17
Let w = 1 - -45. List the prime factors of w.
2, 23
Suppose 0 = 3*l + 2*f - 204 + 69, 4*l = -5*f + 180. Suppose -36 = -3*b + 4*h - 1, -5*h - l = -4*b. List the prime factors of b.
5
List the prime factors of (564/48)/((-2)/(-8)).
47
Suppose 2*b - 4 = 0, -v + 2 = -3*v + 4*b. Suppose j = 3, -j = c + v - 13. What are the prime factors of c?
7
Suppose 2*u = 4*u - 108. List the prime factors of u.
2, 3
Let n(k) = 3*k**2 + 9*k - 31. What are the prime factors of n(6)?
131
Suppose 12 = -3*d - 3*h, -3 = 3*d - 5*h + 9. Let x(u) = 5 + 3*u - 2 - u - 3*u. What are the prime factors of x(d)?
7
Suppose 45*n = 40*n + 335. What are the prime factors of n?
67
Let v = -4 - -6. Let k be (10/4)/(v/4). Suppose c = 3, c - 2*c - 7 = -k*d. List the prime factors of d.
2
Let i(h) be the third derivative of -h**6/120 + h**5/60 + 4*h**3/3 - 3*h**2. What are the prime factors of i(0)?
2
Let j(x) = -x**3 - 8*x**2. Let c be j(-8). Suppose -z + 2*z - 14 = c. List the prime factors of z.
2, 7
Suppose -5*j = 66 - 481. What are the prime factors of j?
83
Suppose -3*t + 2*d = -10, -3*t + 3*d + 6 = -6. Suppose c + 9 = -3*h + 8*h, 3*c + 8 = -4*h. What are the prime factors of ((-14)/c)/(1/t)?
7
Suppose 13*l - 1966 = 309. List the prime factors of l.
5, 7
Let b = -8 + 10. Suppose u + 4 = b*f, 14 + 2 = -f + 5*u. Let m(x) = x**2 + 2. What are the prime factors of m(f)?
2, 3
Let n be 6/(-4)*208/(-12). List the prime factors of 975/n + 2/(-4).
37
Let g = 24 - 20. Suppose -g*c + 10 = -2*c. What are the prime factors of c?
5
Let c be (0 - 2) + -1 + 248. Suppose -3*f = -4*o + 2*o - 105, -c = 5*o - 4*f. What are the prime factors of (o/(-6) - 3)*2?
3
Let p = 59 + -95. Let n be (p/16)/(3/(-8)). List the prime factors of ((-8)/n)/((-6)/72).
2
List the prime factors of 38/3 - (-10)/30.
13
Let a = -85 - -243. List the prime factors of a.
2, 79
Suppose -4*i = 4*z - 236, -2*i = -2*z + 134 - 24. Let r = z - 29. List the prime factors of r.
2, 7
Let x be (96/(-5))/4*-5. Suppose -z + x + 15 = 5*b, 0 = -2*b - 3*z + 26. What are the prime factors of b?
7
Suppose 1 = 2*g - 1. Suppose -m = j - g, 1 = 3*j + m - 4. What are the prime factors of j?
2
Let c = -23 - -39. What are the prime factors of c?
2
Let d(l) = -l**3 + 4*l**2 - 2*l - 1. Let g be d(3). Suppose -2 + 8 = g*j. Suppose 5*x - 3*t = 15, 5*t - 7 = j*x - 0*x. List the prime factors of x.
2, 3
Let p = 3 - 0. Suppose -2 = -d + p. Suppose d = -3*z + 26. List the prime factors of z.
7
Suppose -3*v + 232 = -4*z, 4*z = 4*v - 414 + 110. What are the prime factors of v?
2, 3
What are the prime factors of (-122)/(-4) + (-27)/18?
29
Let r(u) = 70*u**2 - 70*u**2 - 3*u**3 + 1 + u. Let h be -1*(0 + -2) + -3. List the prime factors of r(h).
3
Let q be 8/(-5) + (-14)/35. Let v be (-3)/q*4/2. Let k = v + 9. What are the prime factors of k?
2, 3
Suppose -3*w + 4*b + 32 = 2*w, 22 = 4*w - 5*b. What are the prime factors of w?
2
Let c = -7 - -37. List the prime factors of c.
2, 3, 5
Let c = 7 - 10. Let d = 3 - c. List the prime factors of d.
2, 3
Let m(k) = -k**2 - 11*k + 6. Let b be m(-8). Suppose 4*y = -b + 214. What are the prime factors of y?
2, 23
What are the prime factors of 2 - ((-12)/6 - 55)?
59
Let o(k) = 3*k**3 + 2*k**2 - 1. Let s be o(1). Let i = 7 - s. List the prime factors of i.
3
Let p(q) be the second derivative of q**3/6 + 3*q**2/2 - 3*q. List the prime factors of p(4).
7
Let m(a) be the second derivative of -a**4/12 - 4*a**3/3 + a**2 + 5*a. List the prime factors of m(-7).
3
Let r(y) = 4*y + 3. Let k be r(-2). Let f = k + 7. List the prime factors of f.
2
Let n = 17 - 13. Suppose 2*d - 33 = n*u + 35, 4*d - u - 129 = 0. List the prime factors of d.
2
Suppose 5*u - 9 = 11. Let t = u - 1. Suppose -3*x + 36 = -m, -2*x = -m - t*m - 14. What are the prime factors of x?
13
Suppose 32 = 3*y + i, -3*y + 49 = y - 5*i. Let s = -16 + y. What are the prime factors of ((-18)/s)/(2/10)?
2, 3
Let t = -2 + 3. Let b(i) = -6*i + t - i**2 + 5 - 2. List the prime factors of b(-5).
3
Suppose 4*k = -0*k. Suppose 3*v - 2*v - 42 = k. List the prime factors of v.
2, 3, 7
Let d = -40 - 27. Let s = -35 - d. What are the prime factors of s?
2
What are the prime factors of 28/(-98) + 254/7?
2, 3
Let m = 0 - -17. List the prime factors of m.
17
Let t be (-2*(-52)/(-8))/(-1). Suppose -5*j = -0 + 20. Let y = j + t. What are the prime factors of y?
3
What are the prime factors of (0 - (4 - 3))*-11?
11
Suppose -167 = -4*k + 105. Suppose 5*r - 1 = -n, r = 4*n + 5*r - k. Let x = n - 8. List the prime factors of x.
13
Let q = 0 - -172. What are the prime factors of q?
2, 43
Let k(s) = 3*s**2 + 10*s - 8. List the prime factors of k(-6).
2, 5
Suppose -2*o - 6 = -42. What are the prime factors of o?
2, 3
Let a(t) = 11*t - 31. Suppose 2*n - 5*i = -3, 0 + 15 = n + 3*i. Let k(s) = -5*s + 15. Let d(c) = n*a(c) + 13*k(c). What are the prime factors of d(-4)?
5
Let u(z) = z**3 + 6*z**2 - 7*z + 4. List the prime factors of u(-6).
2, 23
Let t(l) = 18*l**3 + 7*l**2 + 2. Let o(i) = 9*i**3 + 4*i**2 + 1. Let s(c) = 7*o(c) - 4*t(c). Let x be s(-1). Let n = 13 - x. List the prime factors of n.
5
Suppose 0 = -n - 4*s + 48, -s - 15 = 5*n - 179. What are the prime factors of n?
2
Let b = 1 - -3. Suppose b = w - 1. What are the prime factors of w?
5
Let d be (7/(-14))/(2/(-24)). What are the prime factors of ((-2)/d)/((-7)/609)?
29
Suppose 0 = -y - 3*b + 65 - 5, y - 62 = -5*b. Let g(v) = v**2 + 4*v - 6. Let j be g(-6). List the prime factors of 2/4 + y/j.
2, 5
Let u(f) = -5*f**2 + 56*f - 1. Let v(q) = q**2 - 11*q. Let g(y) = 2*u(y) + 11*v(y). What are the prime factors of g(10)?
2
Suppose -4*i + 20 = -0*i. List the prime factors of 2/4*i*6.
3, 5
What are the prime factors of 1/(2/6) + 6?
3
Suppose 15 = 5*d - 20. List the prime factors of d.
7
Let n be (-33)/3 + (1 - -2). Let d = n - -23. List the prime factors of d.
3, 5
Let r = -27 - -19. What are the prime factors of (-11)/(-1) + (r - -5)?
2
Let b(a) = a**2 - 2. Let j be b(-2). Suppose -p + 4 = t, j*p = 5*t - t - 4. What are the prime factors of p?
2
Let k(n) = -n**3 - n**2 + n + 11. Let p be k(0). What are the prime factors of (-10)/55 + 134/p?
2, 3
List the prime factors of (-5 - (-102)/18)*1467/6.
163
Let i(s) be the third derivative of 1/120*s**6 - 1/6*s**3 - 5/24*s**4 + 0 - 1/12*s**5 + 0*s - s**2. What are the prime factors of i(6)?
5
Let d(m) = -11*m**3 - 3*m**2 - 2*m + 3. List the prime factors of d(-2).
83
Let c = -38 - -57. What are the prime factors of c?
19
What are the prime factors of (10/((-25)/(-5)))/(2/128)?
2
Let c(g) = -g**2 - 6*g + 4. Let x be c(-6). Suppose 54 = x*a + 18. List the prime factors of a.
3
Let o = 24 + -15. What are the prime factors of o?
3
Let n be (0 + 33)*10/3. Suppose -2*c = 3*c - n. What are the prime factors of c?
2, 11
Suppose -f + 3*x = 173 - 55, 0 = 3*f + 4*x + 315. Let z = -69 - f. List the prime factors of z.
2, 5
Let r(f) = f**3 - 9*f**2 - 5*f + 7. Let s be r(10). Suppose -3*q - 5*a + 2*a + 78 = 0, 0 = 2*q - 3*a - s. List the prime factors of q.
3
Suppose -2*d - 3*d = -w + 4, -w = 4*d + 14. Let i = 3 + w. List the prime factors of (-90)/6*4/i.
2, 5
Let f(g) = -2 + 0 - 2 + 1 + 5*g. What are the prime factors of f(4)?
17
Let s(t) = 2*t**2 - 7*t + 11. What are the prime factors of s(9)?
2, 5, 11
Let u = -26 - -33. List the prime factors of 4 + 44 + (4 - u).
3, 5
Suppose 0 = -t - 3*d + 33, 4*t + 50 = 5*d + 267. What are the prime factors of t?
2, 3
Let v = 7 - -3. Let s(j) = 8*j - 21. List the prime factors of s(v).
59
Let o be 11/3 + (-2)/3. Suppose -o*k + 30 = -b + 1, 0 = -4*k - 4*b + 44. List the prime factors of k.
2, 5
Let d(n) = -n**2 - 4*n + 7. Let s be d(-5). Suppose s*w - 138 = -o + 5*o, -3*o - 4*w = 120. What are the prime factors of (o/(-15))/((-4)/(-30))?
2, 3
L